z - 5 = -17. Let w be (-2)/(-4) + (z - (-75)/6). Suppose -w*v + 12*v - 75 = 0. Is v a prime number?
False
Suppose -1433 = 4*m - 16105. Let v be -1 + 0 + 6 + -7 + m. Suppose 2*o - v = 4*n, -5474 = 4*o - 7*o + n. Is o a composite number?
False
Let x(t) = -1020*t + 55. Let u be x(3). Let c = 5106 + u. Is c a prime number?
False
Suppose 72*l + 3341043 - 18546507 = 0. Is l a prime number?
True
Let m = -607 - -1351. Suppose 698 = c - m. Let j = c - -497. Is j composite?
True
Suppose 11*g = 6*g + 205. Suppose q + 3 = -5*m, -2*q + 4*m - 117 = -g. Is (-1644)/q + 2/7 a composite number?
False
Suppose -30946484 = -66*a - 9209582. Is a a composite number?
False
Is (-1)/(1/(-1)*-10*10/(-4909100)) a composite number?
True
Let b = 151223 + -243951. Is (-3)/(-5) + b/(-20) + -8 prime?
False
Suppose 0 = -11*o + 8*o - 2*i + 11825, i = -2*o + 7884. Is o composite?
False
Let t = -22 + 26. Let r be -5 + (-1 - (1 - t)). Is r - (-8 + 6 + -11*6) a prime number?
False
Let j(r) = -253 + 107*r + 75*r + 845*r + 93. Is j(9) prime?
False
Suppose u - 47*c - 186356 = -42*c, 559152 = 3*u - 3*c. Is u a composite number?
False
Suppose -5*y = 1 - 6. Let o(t) = 3*t**3 + 9*t**2 - 20*t - 37. Let n be o(-4). Is 9*107 + (0 - (n + y)) composite?
False
Suppose -285 = 33*c - 52*c. Suppose c*o = 12*o + 13998. Is o prime?
False
Let n be ((-59)/118)/(1 - (-1)/(-2)). Suppose 2*t + 3*c = -57 + 144, 0 = -5*t - 2*c + 245. Is n/3 + 99416/t a composite number?
False
Let s(l) = 173*l**3 + 24*l**2 + 8*l + 9. Let g(b) = -172*b**3 - 25*b**2 - 9*b - 11. Let u(c) = 5*g(c) + 6*s(c). Is u(5) a composite number?
False
Let c(h) = 6*h**2 + 28*h - 7. Let l be c(-5). Is l/(-3) + 1125 - (-1 + 2) a composite number?
False
Suppose -2*m + 5*k + 4 = -5, 0 = 4*m + 4*k - 32. Is (1816 - 1) + m/((-56)/(-32)) composite?
True
Let o(q) = q**3 - 12*q**2 + 19*q + 11. Let c = -48 + 58. Let w be o(c). Is (-13)/(-26)*(w - -45) + 0 composite?
False
Let x(s) = s**2 - 6*s - 49. Let c be x(10). Let t(r) = -r**3 + 9*r**2 + 12*r + 11. Is t(c) prime?
True
Let x(r) = 29*r + 290. Let a be x(-10). Suppose 10*y + 70584 = 14*y + 2*v, a = 4*y + 4*v - 70580. Is y composite?
True
Let p(f) = 16*f**2 - 5*f + 4. Let k be p(5). Suppose -11*o - k = -12*o. Is o a composite number?
False
Let w be -1 - -6*(-2)/(-4). Suppose 4*g - g - 6777 = 0. Suppose 5*o = -w*x + g, -x + 3356 = 2*x + o. Is x a prime number?
True
Let i(z) = -3*z**3 - 2*z**2 - 110*z - 109. Is i(-22) composite?
False
Suppose -5 = 5*v - 5*w, 0 = -v + 2*w - 0*w + 2. Is -13042*(-3 + 5)/v a composite number?
False
Suppose 34*z = -12*z + 2028002. Is z a prime number?
True
Suppose -57543 = 52741*k - 52744*k. Is k a prime number?
True
Let t = 187397 + 1051508. Is t a composite number?
True
Let c(s) = 4*s. Let y(m) = 5*m + 2. Let b(k) = 6*c(k) - 5*y(k). Let p be b(-5). Is (-2 - 1116*p)*1/2 a composite number?
False
Let k(l) = 2*l**2 + 10*l + 20. Let y be k(-5). Is 1070/y*124/2 prime?
False
Is ((-1)/((-4)/5638))/((-213)/(-28542)) a prime number?
False
Let b(k) = 161*k**2 - 49*k - 70. Let o be b(23). Is (0 + 1)*12/(48/o) prime?
False
Let i be ((-11)/(-22))/(1/42). Let a be ((-6)/21)/1 - (-31443)/i. Is (-1)/(((-2)/a)/((-14)/(-21))) a composite number?
False
Let c(w) = -3*w + 2. Let g be c(0). Suppose 0 = g*m - 3*y - 10080, -2*m - 4*y + 10064 = -3*y. Is m*(0 - 1/(-2)) a composite number?
True
Let p(y) = -94270*y - 1351. Is p(-5) composite?
True
Suppose 152532 = 16*r - 134476. Is r a composite number?
True
Let n = 208 + -209. Is (-43)/(((-3)/(-87))/n) a composite number?
True
Let a(b) be the second derivative of -5*b**3/2 + 35*b**2 - 250*b. Is a(-9) a prime number?
False
Suppose -2*c - 2 = 0, 2*f - 4*c + 3290 = -f. Let j = 2642 + f. Suppose w + 4*w - j = -2*m, -5*m + 3*w + 3829 = 0. Is m a prime number?
False
Let f be (-7 - 8/(-1)) + -2. Is (-4)/10 + 128264/10 - f a prime number?
False
Is (27/81)/(-3 + 63100650/21033549) composite?
True
Suppose 0 = 10*q - 2343 - 3437. Suppose -q = 6*b + 1540. Let p = b - -684. Is p a prime number?
True
Let w be (-1)/4 - 7/(-28). Let a be ((-20)/(-15) + w)*15. Suppose 0 = -5*u - a, 90 + 51 = 3*h + 3*u. Is h a prime number?
False
Let w(k) = 17*k - 18. Let z be w(5). Suppose 247 = 4*a - 3*g, -2*a + 4*g - 3*g + 125 = 0. Suppose 0 = z*q - a*q - 327. Is q composite?
False
Suppose 0 = -5*p - 4*c - 16, -2*c = -7*c - 20. Let y be (p/(1 - 3))/2. Suppose y = 6*v - 10*v + 7276. Is v prime?
False
Suppose -2*q - 19742 = -4*q. Suppose q + 4502 = 9*v. Suppose -4*o + 1587 = 3*s, -3*o = o + 5*s - v. Is o prime?
False
Let x(u) = u**3 + 6*u**2 + 4*u - 3. Let v be x(-5). Suppose v*n + 4*j = 4, -3*n + 8 = 7*j - 3*j. Suppose -997 = n*r - 3329. Is r a prime number?
False
Let l = 598735 - 1286. Is l a composite number?
True
Let w be 641 + 0*(0 - 1). Let j = 6274 - w. Is j prime?
False
Suppose 4*c - 10 = -133*v + 131*v, 5*c + 5 = v. Let w(m) = -m**3 - 6*m**2 + 7*m + 5. Let x be w(-7). Suppose x*q - 2*q - 1587 = c. Is q a composite number?
True
Let b be 817 + (-2 - -6) + -3*1. Is (b/(-2))/(5/(-5)) a composite number?
False
Let j = 7085 - -6198. Is j a composite number?
True
Suppose 1799803 - 8323412 = -31*z. Is z prime?
False
Suppose 4*v + 3*q - 5280973 = 0, 6*v - 10*v + 5281008 = -4*q. Is v composite?
False
Suppose 3*q - 5*m - 87100 = -2*q, 4*q - 69710 = -2*m. Suppose -24*c + q = c. Is c prime?
False
Let m = 35291 + -24694. Is m a composite number?
False
Let k(x) = 818136*x + 491. Is k(3) composite?
False
Let r(h) = -2*h - 2. Let c be r(-4). Let a(i) = -2*i**2 - 2*i + 17. Let v(j) = j**2 + j + 1. Let n(t) = a(t) + 3*v(t). Is n(c) prime?
False
Let h be 5 - (-4)/8*-2. Let c be -1 - (h + 54) - 3. Let t = c - -211. Is t composite?
False
Suppose 6*c - 36434 = -184196. Let o be -6*(-1)/(c/12318 + 2). Suppose 22*d - 18*d = o. Is d a prime number?
True
Let l(w) = 18181*w**2 + 1313*w - 9134. Is l(7) composite?
True
Let r(s) = 2*s**2 + s + 11. Let o(t) = t**2 + 2*t + 10. Let n(w) = -3*o(w) + 2*r(w). Let m be n(6). Suppose -5*f = -5*c - 3*f + 10302, 0 = f - m. Is c prime?
False
Let i = 73 - 80. Let m(c) = 6*c**3 + c**2 - 2*c + 9. Let d be m(i). Is (2 - 0) + 2/((-4)/d) a prime number?
False
Suppose -11*d = -46397 - 32737. Suppose 0 = -16*j + d + 105718. Is j a composite number?
False
Let d be ((-3)/3)/(-4) + 42/24. Suppose 4*n - 3 = -y, 6 + 3 = d*n + 3*y. Suppose n*v + 2808 = 4*v + 4*w, 3*w = 3*v - 2100. Is v a composite number?
False
Suppose 19*d - 1782373 = 1860972. Is d a composite number?
True
Let o(i) = i**2 + i - 22. Let j be o(-6). Suppose -3*u - 62257 = -j*u + 2*y, u = -3*y + 12448. Is u a prime number?
True
Let f(w) = 44*w - 167. Let i be f(4). Suppose -7*t = -i*t + 614. Is t a composite number?
False
Let z(p) = -71*p + 73. Let m be z(-13). Suppose -10*a = -5*a - 55. Suppose -d + m = a*d. Is d a composite number?
False
Let m = 175748 + -108477. Is m a composite number?
False
Let n = -105 - -108. Suppose -w - 401 = -2*w - n*i, 2*w + i - 792 = 0. Is w a composite number?
True
Suppose d - 11972 = -2*r, 0*r + 5*r = d - 11986. Suppose 4*q + 5*l = d, -5*l + 0*l = -5*q + 15015. Is q a composite number?
False
Let k(v) be the third derivative of 57*v**4/8 + 7*v**3/6 - 24*v**2 - 1. Let l = 24 + -19. Is k(l) a composite number?
True
Let a(c) = -401*c + 41. Let v(k) = -2*k - 26. Let p be v(-10). Is a(p) composite?
False
Suppose 9*o = 2*o + 14. Suppose 49 = -o*n + 57. Suppose -2*s + 18 = n*h, 2*s = 2*h - 3*h + 27. Is s composite?
True
Let a(x) = -3*x - 85. Let b be a(-33). Is 471540/28 + ((-20)/b)/(-5) prime?
False
Let p = 143388 + -23971. Is p composite?
False
Let a = 9144 - 5357. Is a a composite number?
True
Suppose -6*u = -15 - 3. Suppose -x - 7 = -3*n, 4*n = -2*x + u - 17. Let w(o) = 120*o**2 + o + 32. Is w(x) a prime number?
False
Let p(n) be the first derivative of 121*n**3/3 + 9*n**2 - 11*n + 15. Is p(-6) a prime number?
False
Suppose -72*f - f = -11*f - 16653014. Is f a prime number?
False
Let y(r) = 6*r**2 - 50*r + 805. Is y(22) a prime number?
True
Let f(r) = -109*r**3 - 3 - 142*r**3 - 264969*r**2 + 264965*r**2 + 2 - 5*r. Let h be 1/(-3) - (-4)/(-6). Is f(h) a prime number?
True
Suppose 4*f - 2*g = 1839136, 7*f + 2298923 = 12*f - 2*g. Is f a composite number?
True
Let s = -797 - -5875. Is s prime?
False
Let n(b) = 127*b**2 - 2*b + 33. Let h = 261 - 251. Is n(h) a prime number?
True
Suppos